{"id":280,"date":"2014-09-04T13:11:06","date_gmt":"2014-09-04T12:11:06","guid":{"rendered":"http:\/\/www.pilatre-de-rozier.com\/lmab\/?page_id=280"},"modified":"2020-07-29T09:11:06","modified_gmt":"2020-07-29T08:11:06","slug":"infos-pratiques","status":"publish","type":"page","link":"https:\/\/www.pilatre-de-rozier.com\/lmab\/partenaire\/infos-pratiques\/","title":{"rendered":"Infos pratiques"},"content":{"rendered":"<p>[vc_row padding_top_multiplier=\u00a0\u00bb\u00a0\u00bb][vc_column width=\u00a0\u00bb1\/6&Prime;][\/vc_column][vc_column width=\u00a0\u00bb2\/3&Prime;][movedo_title heading=\u00a0\u00bbh1&Prime; increase_heading=\u00a0\u00bb140&Prime;]Informations pratiques[\/movedo_title][vc_column_text]<\/p>\n<h3 style=\"text-align: justify\"><span style=\"color: #333333\"><strong>Ballonville Partenaire<\/strong> <\/span><\/h3>\n<p style=\"text-align: justify\"><span style=\"color: #333333\">C&rsquo;est l&rsquo;espace \u00ab business \u00bb o\u00f9 se retrouvent de nombreuses entreprises locales, r\u00e9gionales, nationales et internationales, collectivit\u00e9s et institutions. Une all\u00e9e de 300 m\u00e8tres le long de l\u2019aire d\u2019envol, appel\u00e9e la \u00ab Promenade \u00bb, permet d\u2019\u00e9changer et de rencontrer un grand nombre de professionnels et de d\u00e9cideurs. Le village partenaire est compos\u00e9 de plusieurs espaces : Loges privatives, Club Pil\u00e2tre de Rozier, Salon, Espace Presse, LAB&rsquo; ainsi qu&rsquo;un bar et un restaurant. Vos invit\u00e9s b\u00e9n\u00e9ficient d&rsquo;un acc\u00e8s r\u00e9serv\u00e9 sur le site, d&rsquo;un parking privil\u00e9gi\u00e9 \u00e0 proximit\u00e9 du village et d&rsquo;un accueil personnalis\u00e9. La cat\u00e9gorie de badge d\u00e9termine les acc\u00e8s exclusifs: Loge, Promenade ou Salon.<\/span><\/p>\n<h4 style=\"text-align: justify\"><span style=\"color: #333333\"><strong>Temps forts<\/strong><\/span><\/h4>\n<ul>\n<li><span style=\"color: #333333\">De 6h00 \u00e0 8h00 : Spectacle de l\u2019envol de masse des montgolfi\u00e8res<\/span><\/li>\n<li><span style=\"color: #333333\">\u00a0De 9h00 \u00e0 11h00 : Possibilit\u00e9 d\u2019organiser des s\u00e9minaires, profiter de visites guid\u00e9es de l\u2019A\u00e9roMus\u00e9e et\/ou ateliers ludiques priv\u00e9s (sur r\u00e9servation)<\/span><\/li>\n<li><span style=\"color: #333333\">\u00a0De 12h00 \u00e0 14h00 : d\u00e9jeuner presse autour de la personnalit\u00e9 du jour (sur invitation)<\/span><\/li>\n<li><span style=\"color: #333333\">\u00a0A partir de 16h00 : Acc\u00e8s libre aux animations \u00ab Ateliers des Airs \u00bb dans Ballonville Public (D\u00e9monstrations, Initiations, Expositions et Ateliers)<\/span><\/li>\n<li><span style=\"color: #333333\">A partir de 17h00 et jusqu&rsquo;\u00e0 l&rsquo;envol du soir : Rendez-vous au LAB&rsquo; (espace vitrine du Num\u00e9rique et de la R\u00e9volution Digitale) au moins pour profiter du \u00ab\u00a0Happy-Hour\u00a0\u00bb !<\/span><\/li>\n<li><span style=\"color: #333333\">\u00a0De 19h00 \u00e0 21h00 : Spectacle de l\u2019envol de masse des montgolfi\u00e8res<\/span><\/li>\n<li><span style=\"color: #333333\">\u00a0A partir de 22h00 : Nocturne sur l\u2019aire d\u2019envol ou dans Ballonville Public<\/span><\/li>\n<\/ul>\n<p>[\/vc_column_text][\/vc_column][vc_column width=\u00a0\u00bb1\/6&Prime;][\/vc_column][\/vc_row][vc_row][vc_column][movedo_single_image image=\u00a0\u00bb7108&Prime;][\/vc_column][\/vc_row]<\/p>\n","protected":false},"excerpt":{"rendered":"<p>[vc_row padding_top_multiplier=\u00a0\u00bb\u00a0\u00bb][vc_column width=\u00a0\u00bb1\/6&Prime;][\/vc_column][vc_column width=\u00a0\u00bb2\/3&Prime;][movedo_title heading=\u00a0\u00bbh1&Prime; increase_heading=\u00a0\u00bb140&Prime;]Informations pratiques[\/movedo_title][vc_column_text] Ballonville Partenaire C&rsquo;est l&rsquo;espace \u00ab business \u00bb o\u00f9 se retrouvent de nombreuses entreprises locales, r\u00e9gionales, nationales et internationales, collectivit\u00e9s et institutions. Une all\u00e9e de 300 m\u00e8tres le long de l\u2019aire d\u2019envol, appel\u00e9e la \u00ab Promenade \u00bb, permet d\u2019\u00e9changer et de rencontrer un grand nombre de professionnels et de [&hellip;]<\/p>\n","protected":false},"author":4,"featured_media":0,"parent":57,"menu_order":0,"comment_status":"open","ping_status":"open","template":"","meta":{"_et_pb_use_builder":"","_et_pb_old_content":"","_et_gb_content_width":"","footnotes":""},"class_list":["post-280","page","type-page","status-publish","hentry"],"_links":{"self":[{"href":"https:\/\/www.pilatre-de-rozier.com\/lmab\/wp-json\/wp\/v2\/pages\/280","targetHints":{"allow":["GET"]}}],"collection":[{"href":"https:\/\/www.pilatre-de-rozier.com\/lmab\/wp-json\/wp\/v2\/pages"}],"about":[{"href":"https:\/\/www.pilatre-de-rozier.com\/lmab\/wp-json\/wp\/v2\/types\/page"}],"author":[{"embeddable":true,"href":"https:\/\/www.pilatre-de-rozier.com\/lmab\/wp-json\/wp\/v2\/users\/4"}],"replies":[{"embeddable":true,"href":"https:\/\/www.pilatre-de-rozier.com\/lmab\/wp-json\/wp\/v2\/comments?post=280"}],"version-history":[{"count":3,"href":"https:\/\/www.pilatre-de-rozier.com\/lmab\/wp-json\/wp\/v2\/pages\/280\/revisions"}],"predecessor-version":[{"id":11164,"href":"https:\/\/www.pilatre-de-rozier.com\/lmab\/wp-json\/wp\/v2\/pages\/280\/revisions\/11164"}],"up":[{"embeddable":true,"href":"https:\/\/www.pilatre-de-rozier.com\/lmab\/wp-json\/wp\/v2\/pages\/57"}],"wp:attachment":[{"href":"https:\/\/www.pilatre-de-rozier.com\/lmab\/wp-json\/wp\/v2\/media?parent=280"}],"curies":[{"name":"wp","href":"https:\/\/api.w.org\/{rel}","templated":true}]}}

<p>[vc_row padding_top_multiplier= » »][vc_column width= »1/6&Prime;][/vc_column][vc_column width= »2/3&Prime;][movedo_title heading= »h1&Prime; increase_heading= »140&Prime;]Informations pratiques[/movedo_title][vc_column_text]</p>
<h3 style="text-align: justify"><span style="color: #333333"><strong>Ballonville Partenaire</strong> </span></h3>
<p style="text-align: justify"><span style="color: #333333">C&rsquo;est l&rsquo;espace « business » où se retrouvent de nombreuses entreprises locales, régionales, nationales et internationales, collectivités et institutions. Une allée de 300 mètres le long de l’aire d’envol, appelée la « Promenade », permet d’échanger et de rencontrer un grand nombre de professionnels et de décideurs. Le village partenaire est composé de plusieurs espaces : Loges privatives, Club Pilâtre de Rozier, Salon, Espace Presse, LAB&rsquo; ainsi qu&rsquo;un bar et un restaurant. Vos invités bénéficient d&rsquo;un accès réservé sur le site, d&rsquo;un parking privilégié à proximité du village et d&rsquo;un accueil personnalisé. La catégorie de badge détermine les accès exclusifs: Loge, Promenade ou Salon.</span></p>
<h4 style="text-align: justify"><span style="color: #333333"><strong>Temps forts</strong></span></h4>
<ul>
<li><span style="color: #333333">De 6h00 à 8h00 : Spectacle de l’envol de masse des montgolfières</span></li>
<li><span style="color: #333333"> De 9h00 à 11h00 : Possibilité d’organiser des séminaires, profiter de visites guidées de l’AéroMusée et/ou ateliers ludiques privés (sur réservation)</span></li>
<li><span style="color: #333333"> De 12h00 à 14h00 : déjeuner presse autour de la personnalité du jour (sur invitation)</span></li>
<li><span style="color: #333333"> A partir de 16h00 : Accès libre aux animations « Ateliers des Airs » dans Ballonville Public (Démonstrations, Initiations, Expositions et Ateliers)</span></li>
<li><span style="color: #333333">A partir de 17h00 et jusqu&rsquo;à l&rsquo;envol du soir : Rendez-vous au LAB&rsquo; (espace vitrine du Numérique et de la Révolution Digitale) au moins pour profiter du « Happy-Hour » !</span></li>
<li><span style="color: #333333"> De 19h00 à 21h00 : Spectacle de l’envol de masse des montgolfières</span></li>
<li><span style="color: #333333"> A partir de 22h00 : Nocturne sur l’aire d’envol ou dans Ballonville Public</span></li>
</ul>
<p>[/vc_column_text][/vc_column][vc_column width= »1/6&Prime;][/vc_column][/vc_row][vc_row][vc_column][movedo_single_image image= »7108&Prime;][/vc_column][/vc_row]</p>

<p>[vc_row padding_top_multiplier= » »][vc_column width= »1/6&Prime;][/vc_column][vc_column width= »2/3&Prime;][movedo_title heading= »h1&Prime; increase_heading= »140&Prime;]Informations pratiques[/movedo_title][vc_column_text] Ballonville Partenaire C&rsquo;est l&rsquo;espace « business » où se retrouvent de nombreuses entreprises locales, régionales, nationales et internationales, collectivités et institutions. Une allée de 300 mètres le long de l’aire d’envol, appelée la « Promenade », permet d’échanger et de rencontrer un grand nombre de professionnels et de [&hellip;]</p>
